{"id":273,"date":"2024-12-06T11:59:49","date_gmt":"2024-12-06T10:59:49","guid":{"rendered":"http:\/\/demo.breizhtorm.fr\/kolb\/?page_id=273"},"modified":"2024-12-12T16:07:50","modified_gmt":"2024-12-12T15:07:50","slug":"contact","status":"publish","type":"page","link":"https:\/\/demo.breizhtorm.fr\/kolb\/contact\/","title":{"rendered":"Contact"},"content":{"rendered":"\n<section class=\"wp-block-bzh-section section pd-t-40 pd-b-40 pd-t-sm-80 pd-b-sm-80 pd-t-md-100 pd-b-md-100 has-bg\">\n<div class=\"wrapper wrapper-xl wrapper-center\"><div class=\"wp-block-bzh-columns row are-vertically-aligned-top flex-column-mobile\">\n<div class=\"wp-block-bzh-column col\">\n<h2 class=\"wp-block-heading title\">Contact<\/h2>\n\n\n\n<p>Cr\u00e9ons ensemble votre projet<\/p>\n<\/div>\n<\/div><\/div>\n<\/section>\n\n\n\n<section class=\"wp-block-bzh-section section pd-t-40 pd-b-40 pd-t-sm-60 pd-b-sm-60 pd-t-md-80 pd-b-md-80\">\n<div class=\"wrapper wrapper-xl wrapper-center\"><div class=\"wp-block-bzh-columns row are-vertically-aligned-top flex-column-mobile gap-sm-40 gap-md-100\">\n<div class=\"wp-block-bzh-column col col-sm-6\">\n<p class=\"has-normal-font-size\">Pr\u00eat \u00e0 transformer vos id\u00e9es en r\u00e9alit\u00e9 ? Contactez-nous et laissez-vous inspirer par nos conseils personnalis\u00e9s !<\/p>\n<\/div>\n\n\n\n<div class=\"wp-block-bzh-column col col-sm-6\">\n<div class=\"wp-block-bzh-brick brick pd-l-sm-40 pd-l-md-80\"><div class=\"brick__content\">\n<div class=\"wp-block-contact-form-7-contact-form-selector\">\n<div class=\"wpcf7 no-js\" id=\"wpcf7-f20-o1\" lang=\"fr-FR\" dir=\"ltr\" data-wpcf7-id=\"20\">\n<div class=\"screen-reader-response\"><p role=\"status\" aria-live=\"polite\" aria-atomic=\"true\"><\/p> <ul><\/ul><\/div>\n<form action=\"\/kolb\/wp-json\/wp\/v2\/pages\/273#wpcf7-f20-o1\" method=\"post\" class=\"wpcf7-form init\" aria-label=\"Formulaire de contact\" novalidate=\"novalidate\" data-status=\"init\">\n<div style=\"display: none;\">\n<input type=\"hidden\" name=\"_wpcf7\" value=\"20\" \/>\n<input type=\"hidden\" name=\"_wpcf7_version\" value=\"6.0.2\" \/>\n<input type=\"hidden\" name=\"_wpcf7_locale\" value=\"fr_FR\" \/>\n<input type=\"hidden\" name=\"_wpcf7_unit_tag\" value=\"wpcf7-f20-o1\" \/>\n<input type=\"hidden\" name=\"_wpcf7_container_post\" value=\"0\" \/>\n<input type=\"hidden\" name=\"_wpcf7_posted_data_hash\" value=\"\" \/>\n<\/div>\n<div class=\"row\">\n\t<div class=\"col mg-b-20\">\n\t\t<p><label> Nom*<br \/>\n<span class=\"wpcf7-form-control-wrap\" data-name=\"your-name\"><input size=\"40\" maxlength=\"400\" class=\"wpcf7-form-control wpcf7-text wpcf7-validates-as-required\" aria-required=\"true\" aria-invalid=\"false\" placeholder=\"...\" value=\"\" type=\"text\" name=\"your-name\" \/><\/span><br \/>\n<\/label>\n\t\t<\/p>\n\t<\/div>\n<\/div>\n<div class=\"row gap-sm-20\">\n\t<div class=\"col col-sm-6 mg-b-20\">\n\t\t<p><label> Soci\u00e9t\u00e9<br \/>\n<span class=\"wpcf7-form-control-wrap\" data-name=\"your-company\"><input size=\"40\" maxlength=\"400\" class=\"wpcf7-form-control wpcf7-text\" aria-invalid=\"false\" placeholder=\"...\" value=\"\" type=\"text\" name=\"your-company\" \/><\/span><br \/>\n<\/label>\n\t\t<\/p>\n\t<\/div>\n\t<div class=\"col col-sm-6 mg-b-20\">\n\t\t<p><label> Num\u00e9ro de t\u00e9l\u00e9phone*<br \/>\n<span class=\"wpcf7-form-control-wrap\" data-name=\"your-tel\"><input size=\"40\" maxlength=\"400\" class=\"wpcf7-form-control wpcf7-tel wpcf7-validates-as-required wpcf7-text wpcf7-validates-as-tel\" aria-required=\"true\" aria-invalid=\"false\" placeholder=\"...\" value=\"\" type=\"tel\" name=\"your-tel\" \/><\/span><br \/>\n<\/label>\n\t\t<\/p>\n\t<\/div>\n<\/div>\n<div class=\"row\">\n\t<div class=\"col mg-b-20\">\n\t\t<p><label> Email*<br \/>\n<span class=\"wpcf7-form-control-wrap\" data-name=\"your-email\"><input size=\"40\" maxlength=\"400\" class=\"wpcf7-form-control wpcf7-email wpcf7-validates-as-required wpcf7-text wpcf7-validates-as-email\" aria-required=\"true\" aria-invalid=\"false\" placeholder=\"...\" value=\"\" type=\"email\" name=\"your-email\" \/><\/span><br \/>\n<\/label>\n\t\t<\/p>\n\t<\/div>\n<\/div>\n<p><label> Message*<br \/>\n<span class=\"wpcf7-form-control-wrap\" data-name=\"your-message\"><textarea cols=\"40\" rows=\"10\" maxlength=\"2000\" class=\"wpcf7-form-control wpcf7-textarea wpcf7-validates-as-required\" aria-required=\"true\" aria-invalid=\"false\" placeholder=\"...\" name=\"your-message\"><\/textarea><\/span><br \/>\n<\/label>\n<\/p>\n<p class=\"contact-form__message\">Les champs marqu\u00e9s d\u2019un * sont obligatoires.\n<\/p>\n<div class=\"contact-form__holder\">\n\t<p><input class=\"wpcf7-form-control wpcf7-submit has-spinner\" type=\"submit\" value=\"Envoyer\" \/>\n\t<\/p>\n<\/div><div class=\"wpcf7-response-output\" aria-hidden=\"true\"><\/div>\n<\/form>\n<\/div>\n<\/div>\n<\/div><\/div>\n<\/div>\n<\/div><\/div>\n<\/section>\n\n\n\n        <div class=\"map\">\n            <div class=\"map__left\">\n                <div class=\"map__text\">\n                    <h2>\n                        <span class=\"has-color has-color-2-color\">Showroom<\/span><br\/>\n                        <span class=\"has-color has-white-color\">Acign\u00e9 35690<\/span>\n                    <\/h2>\n                    <h3 class=\"h4-like footer__title has-color has-white-color\">Adresse<\/h3>\n                    <p class=\"footer__text has-color has-white-color\">ZI de Joval<br \/>\nDu mardi au vendredi : 9h00 &#8211; 12h00 et 14h00 &#8211; 18h30<br \/>\nLe samedi : 9h00 &#8211; 12h30<\/p>\n                    <h3 class=\"h4-like footer__title has-color has-white-color\">Contact<\/h3>\n                    <p class=\"footer__text has-color has-white-color\">T\u00e9l : 02 23 25 52 42<\/p>\n                <\/div>\n            <\/div>\n            <div class=\"map__right\">\n                <iframe loading=\"lazy\" width=\"520\" height=\"400\" frameborder=\"0\" scrolling=\"no\" marginheight=\"0\" marginwidth=\"0\" id=\"gmap_canvas\" src=\"https:\/\/maps.google.com\/maps?width=520&amp;height=400&amp;hl=en&amp;q=ZI%20de%20Joval%20Acign%C3%A9%20+(Kolb%20D%C3%A9coration)&amp;t=&amp;z=16&amp;ie=UTF8&amp;iwloc=B&amp;output=embed\"><\/iframe> <a href='http:\/\/maps-generator.com\/fr'>http:\/\/maps-generator.com<\/a> <script type='text\/javascript' src='https:\/\/embedmaps.com\/google-maps-authorization\/script.js?id=0f2aa73d27ee2b76b5f3220b95a13e55c6878113'><\/script>            <\/div>\n        <\/div>\n\n        \n\n\n<section class=\"wp-block-bzh-section section pd-t-40 pd-b-40 pd-t-sm-80 pd-b-sm-60 pd-t-md-100 pd-b-md-80\">\n<div class=\"wrapper wrapper-xl wrapper-center\"><div class=\"wp-block-bzh-columns row are-vertically-aligned-top flex-column-mobile\">\n<div class=\"wp-block-bzh-column col\">\n<h2 class=\"wp-block-heading title\">Rejoignez-nous pour voir<br>nos derni\u00e8res r\u00e9alisations<\/h2>\n\n\n\n<ul class=\"wp-block-social-links\"><li class=\"wp-social-link wp-social-link-facebook  wp-block-social-link\"><a rel=\"noopener nofollow\" target=\"_blank\" href=\"https:\/\/www.facebook.com\/kolb.decoration\/?locale=fr_FR\" class=\"wp-block-social-link-anchor\"><svg width=\"24\" height=\"24\" viewBox=\"0 0 24 24\" version=\"1.1\" xmlns=\"http:\/\/www.w3.org\/2000\/svg\" aria-hidden=\"true\" focusable=\"false\"><path d=\"M12 2C6.5 2 2 6.5 2 12c0 5 3.7 9.1 8.4 9.9v-7H7.9V12h2.5V9.8c0-2.5 1.5-3.9 3.8-3.9 1.1 0 2.2.2 2.2.2v2.5h-1.3c-1.2 0-1.6.8-1.6 1.6V12h2.8l-.4 2.9h-2.3v7C18.3 21.1 22 17 22 12c0-5.5-4.5-10-10-10z\"><\/path><\/svg><span class=\"wp-block-social-link-label screen-reader-text\">Facebook<\/span><\/a><\/li>\n\n<li class=\"wp-social-link wp-social-link-linkedin  wp-block-social-link\"><a rel=\"noopener nofollow\" target=\"_blank\" href=\"https:\/\/fr.linkedin.com\/company\/kolb-d%C3%A9coration\" class=\"wp-block-social-link-anchor\"><svg width=\"24\" height=\"24\" viewBox=\"0 0 24 24\" version=\"1.1\" xmlns=\"http:\/\/www.w3.org\/2000\/svg\" aria-hidden=\"true\" focusable=\"false\"><path d=\"M19.7,3H4.3C3.582,3,3,3.582,3,4.3v15.4C3,20.418,3.582,21,4.3,21h15.4c0.718,0,1.3-0.582,1.3-1.3V4.3 C21,3.582,20.418,3,19.7,3z M8.339,18.338H5.667v-8.59h2.672V18.338z M7.004,8.574c-0.857,0-1.549-0.694-1.549-1.548 c0-0.855,0.691-1.548,1.549-1.548c0.854,0,1.547,0.694,1.547,1.548C8.551,7.881,7.858,8.574,7.004,8.574z M18.339,18.338h-2.669 v-4.177c0-0.996-0.017-2.278-1.387-2.278c-1.389,0-1.601,1.086-1.601,2.206v4.249h-2.667v-8.59h2.559v1.174h0.037 c0.356-0.675,1.227-1.387,2.526-1.387c2.703,0,3.203,1.779,3.203,4.092V18.338z\"><\/path><\/svg><span class=\"wp-block-social-link-label screen-reader-text\">LinkedIn<\/span><\/a><\/li>\n\n<li class=\"wp-social-link wp-social-link-instagram  wp-block-social-link\"><a rel=\"noopener nofollow\" target=\"_blank\" href=\"https:\/\/www.instagram.com\/explore\/locations\/798113346888458\/kolb-decoration\/\" class=\"wp-block-social-link-anchor\"><svg width=\"24\" height=\"24\" viewBox=\"0 0 24 24\" version=\"1.1\" xmlns=\"http:\/\/www.w3.org\/2000\/svg\" aria-hidden=\"true\" focusable=\"false\"><path d=\"M12,4.622c2.403,0,2.688,0.009,3.637,0.052c0.877,0.04,1.354,0.187,1.671,0.31c0.42,0.163,0.72,0.358,1.035,0.673 c0.315,0.315,0.51,0.615,0.673,1.035c0.123,0.317,0.27,0.794,0.31,1.671c0.043,0.949,0.052,1.234,0.052,3.637 s-0.009,2.688-0.052,3.637c-0.04,0.877-0.187,1.354-0.31,1.671c-0.163,0.42-0.358,0.72-0.673,1.035 c-0.315,0.315-0.615,0.51-1.035,0.673c-0.317,0.123-0.794,0.27-1.671,0.31c-0.949,0.043-1.233,0.052-3.637,0.052 s-2.688-0.009-3.637-0.052c-0.877-0.04-1.354-0.187-1.671-0.31c-0.42-0.163-0.72-0.358-1.035-0.673 c-0.315-0.315-0.51-0.615-0.673-1.035c-0.123-0.317-0.27-0.794-0.31-1.671C4.631,14.688,4.622,14.403,4.622,12 s0.009-2.688,0.052-3.637c0.04-0.877,0.187-1.354,0.31-1.671c0.163-0.42,0.358-0.72,0.673-1.035 c0.315-0.315,0.615-0.51,1.035-0.673c0.317-0.123,0.794-0.27,1.671-0.31C9.312,4.631,9.597,4.622,12,4.622 M12,3 C9.556,3,9.249,3.01,8.289,3.054C7.331,3.098,6.677,3.25,6.105,3.472C5.513,3.702,5.011,4.01,4.511,4.511 c-0.5,0.5-0.808,1.002-1.038,1.594C3.25,6.677,3.098,7.331,3.054,8.289C3.01,9.249,3,9.556,3,12c0,2.444,0.01,2.751,0.054,3.711 c0.044,0.958,0.196,1.612,0.418,2.185c0.23,0.592,0.538,1.094,1.038,1.594c0.5,0.5,1.002,0.808,1.594,1.038 c0.572,0.222,1.227,0.375,2.185,0.418C9.249,20.99,9.556,21,12,21s2.751-0.01,3.711-0.054c0.958-0.044,1.612-0.196,2.185-0.418 c0.592-0.23,1.094-0.538,1.594-1.038c0.5-0.5,0.808-1.002,1.038-1.594c0.222-0.572,0.375-1.227,0.418-2.185 C20.99,14.751,21,14.444,21,12s-0.01-2.751-0.054-3.711c-0.044-0.958-0.196-1.612-0.418-2.185c-0.23-0.592-0.538-1.094-1.038-1.594 c-0.5-0.5-1.002-0.808-1.594-1.038c-0.572-0.222-1.227-0.375-2.185-0.418C14.751,3.01,14.444,3,12,3L12,3z M12,7.378 c-2.552,0-4.622,2.069-4.622,4.622S9.448,16.622,12,16.622s4.622-2.069,4.622-4.622S14.552,7.378,12,7.378z M12,15 c-1.657,0-3-1.343-3-3s1.343-3,3-3s3,1.343,3,3S13.657,15,12,15z M16.804,6.116c-0.596,0-1.08,0.484-1.08,1.08 s0.484,1.08,1.08,1.08c0.596,0,1.08-0.484,1.08-1.08S17.401,6.116,16.804,6.116z\"><\/path><\/svg><span class=\"wp-block-social-link-label screen-reader-text\">Instagram<\/span><\/a><\/li><\/ul>\n\n\n\n        <div class=\"gallery\">\n                            <figure class=\"gallery__figure\">\n                    <img decoding=\"async\" class=\"gallery__img\" src=\"http:\/\/demo.breizhtorm.fr\/kolb\/wp-content\/uploads\/2024\/12\/kolb-acigne-decoration-10.jpg\" >\n                <\/figure>\n                            <figure class=\"gallery__figure\">\n                    <img decoding=\"async\" class=\"gallery__img\" src=\"http:\/\/demo.breizhtorm.fr\/kolb\/wp-content\/uploads\/2024\/12\/kolb-acigne-ravalement-11.jpg\" >\n                <\/figure>\n                            <figure class=\"gallery__figure\">\n                    <img decoding=\"async\" class=\"gallery__img\" src=\"http:\/\/demo.breizhtorm.fr\/kolb\/wp-content\/uploads\/2024\/12\/kolb-acigne-peinture-15.jpg\" >\n                <\/figure>\n                        <div class=\"gallery__popup\">\n                <div class=\"wrapper wrapper-xl\">\n                    <div class=\"row\">\n                        <div class=\"col\">\n                            <div class=\"gallery__holder\">\n                                <button type=\"button\" class=\"gallery__btn\"><\/button>\n                            <\/div>\n                            <div class=\"gallery__popup__content\">\n                                <div class=\"splide splide-realisations\" aria-label=\"Splide Basic HTML Example\">\n                                    <div class=\"splide__track\">\n                                        <div class=\"splide__list\">\n                                                                                        <figure class=\"splide__slide\">\n                                                    <img decoding=\"async\" src=\"http:\/\/demo.breizhtorm.fr\/kolb\/wp-content\/uploads\/2024\/12\/kolb-acigne-decoration-10.jpg\" >\n                                                <\/figure>\n                                                                                            <figure class=\"splide__slide\">\n                                                    <img decoding=\"async\" src=\"http:\/\/demo.breizhtorm.fr\/kolb\/wp-content\/uploads\/2024\/12\/kolb-acigne-ravalement-11.jpg\" >\n                                                <\/figure>\n                                                                                            <figure class=\"splide__slide\">\n                                                    <img decoding=\"async\" src=\"http:\/\/demo.breizhtorm.fr\/kolb\/wp-content\/uploads\/2024\/12\/kolb-acigne-peinture-15.jpg\" >\n                                                <\/figure>\n                                                                                    <\/div>\n                                    <\/div>\n                                <\/div>\n                            <\/div>\n                        <\/div>\n                    <\/div>\n                <\/div>\n            <\/div>\n        <\/div>\n\n        <\/div>\n<\/div><\/div>\n<\/section>\n","protected":false},"excerpt":{"rendered":"","protected":false},"author":1,"featured_media":0,"parent":0,"menu_order":0,"comment_status":"closed","ping_status":"closed","template":"","meta":{"inline_featured_image":false,"footnotes":""},"class_list":["post-273","page","type-page","status-publish","hentry"],"yoast_head":"<!-- This site is optimized with the Yoast SEO plugin v24.2 - https:\/\/yoast.com\/wordpress\/plugins\/seo\/ -->\n<title>Contact - Kolb D\u00e9coration<\/title>\n<meta name=\"robots\" content=\"index, follow, max-snippet:-1, max-image-preview:large, max-video-preview:-1\" \/>\n<link rel=\"canonical\" href=\"https:\/\/demo.breizhtorm.fr\/kolb\/contact\/\" \/>\n<meta property=\"og:locale\" content=\"fr_FR\" \/>\n<meta property=\"og:type\" content=\"article\" \/>\n<meta property=\"og:title\" content=\"Contact - Kolb D\u00e9coration\" \/>\n<meta property=\"og:url\" content=\"https:\/\/demo.breizhtorm.fr\/kolb\/contact\/\" \/>\n<meta property=\"og:site_name\" content=\"Kolb D\u00e9coration\" \/>\n<meta property=\"article:modified_time\" content=\"2024-12-12T15:07:50+00:00\" \/>\n<meta name=\"twitter:card\" content=\"summary_large_image\" \/>\n<meta name=\"twitter:label1\" content=\"Dur\u00e9e de lecture estim\u00e9e\" \/>\n\t<meta name=\"twitter:data1\" content=\"1 minute\" \/>\n<script type=\"application\/ld+json\" class=\"yoast-schema-graph\">{\"@context\":\"https:\/\/schema.org\",\"@graph\":[{\"@type\":\"WebPage\",\"@id\":\"https:\/\/demo.breizhtorm.fr\/kolb\/contact\/\",\"url\":\"https:\/\/demo.breizhtorm.fr\/kolb\/contact\/\",\"name\":\"Contact - Kolb D\u00e9coration\",\"isPartOf\":{\"@id\":\"http:\/\/demo.breizhtorm.fr\/kolb\/#website\"},\"datePublished\":\"2024-12-06T10:59:49+00:00\",\"dateModified\":\"2024-12-12T15:07:50+00:00\",\"breadcrumb\":{\"@id\":\"https:\/\/demo.breizhtorm.fr\/kolb\/contact\/#breadcrumb\"},\"inLanguage\":\"fr-FR\",\"potentialAction\":[{\"@type\":\"ReadAction\",\"target\":[\"https:\/\/demo.breizhtorm.fr\/kolb\/contact\/\"]}]},{\"@type\":\"BreadcrumbList\",\"@id\":\"https:\/\/demo.breizhtorm.fr\/kolb\/contact\/#breadcrumb\",\"itemListElement\":[{\"@type\":\"ListItem\",\"position\":1,\"name\":\"Accueil\",\"item\":\"http:\/\/demo.breizhtorm.fr\/kolb\/\"},{\"@type\":\"ListItem\",\"position\":2,\"name\":\"Contact\"}]},{\"@type\":\"WebSite\",\"@id\":\"http:\/\/demo.breizhtorm.fr\/kolb\/#website\",\"url\":\"http:\/\/demo.breizhtorm.fr\/kolb\/\",\"name\":\"Kolb D\u00e9coration\",\"description\":\"\",\"publisher\":{\"@id\":\"http:\/\/demo.breizhtorm.fr\/kolb\/#organization\"},\"potentialAction\":[{\"@type\":\"SearchAction\",\"target\":{\"@type\":\"EntryPoint\",\"urlTemplate\":\"http:\/\/demo.breizhtorm.fr\/kolb\/?s={search_term_string}\"},\"query-input\":{\"@type\":\"PropertyValueSpecification\",\"valueRequired\":true,\"valueName\":\"search_term_string\"}}],\"inLanguage\":\"fr-FR\"},{\"@type\":\"Organization\",\"@id\":\"http:\/\/demo.breizhtorm.fr\/kolb\/#organization\",\"name\":\"Kolb D\u00e9coration\",\"url\":\"http:\/\/demo.breizhtorm.fr\/kolb\/\",\"logo\":{\"@type\":\"ImageObject\",\"inLanguage\":\"fr-FR\",\"@id\":\"http:\/\/demo.breizhtorm.fr\/kolb\/#\/schema\/logo\/image\/\",\"url\":\"https:\/\/demo.breizhtorm.fr\/kolb\/wp-content\/uploads\/2024\/12\/kolb-acigne.png\",\"contentUrl\":\"https:\/\/demo.breizhtorm.fr\/kolb\/wp-content\/uploads\/2024\/12\/kolb-acigne.png\",\"width\":227,\"height\":122,\"caption\":\"Kolb D\u00e9coration\"},\"image\":{\"@id\":\"http:\/\/demo.breizhtorm.fr\/kolb\/#\/schema\/logo\/image\/\"}}]}<\/script>\n<!-- \/ Yoast SEO plugin. -->","yoast_head_json":{"title":"Contact - Kolb D\u00e9coration","robots":{"index":"index","follow":"follow","max-snippet":"max-snippet:-1","max-image-preview":"max-image-preview:large","max-video-preview":"max-video-preview:-1"},"canonical":"https:\/\/demo.breizhtorm.fr\/kolb\/contact\/","og_locale":"fr_FR","og_type":"article","og_title":"Contact - Kolb D\u00e9coration","og_url":"https:\/\/demo.breizhtorm.fr\/kolb\/contact\/","og_site_name":"Kolb D\u00e9coration","article_modified_time":"2024-12-12T15:07:50+00:00","twitter_card":"summary_large_image","twitter_misc":{"Dur\u00e9e de lecture estim\u00e9e":"1 minute"},"schema":{"@context":"https:\/\/schema.org","@graph":[{"@type":"WebPage","@id":"https:\/\/demo.breizhtorm.fr\/kolb\/contact\/","url":"https:\/\/demo.breizhtorm.fr\/kolb\/contact\/","name":"Contact - Kolb D\u00e9coration","isPartOf":{"@id":"http:\/\/demo.breizhtorm.fr\/kolb\/#website"},"datePublished":"2024-12-06T10:59:49+00:00","dateModified":"2024-12-12T15:07:50+00:00","breadcrumb":{"@id":"https:\/\/demo.breizhtorm.fr\/kolb\/contact\/#breadcrumb"},"inLanguage":"fr-FR","potentialAction":[{"@type":"ReadAction","target":["https:\/\/demo.breizhtorm.fr\/kolb\/contact\/"]}]},{"@type":"BreadcrumbList","@id":"https:\/\/demo.breizhtorm.fr\/kolb\/contact\/#breadcrumb","itemListElement":[{"@type":"ListItem","position":1,"name":"Accueil","item":"http:\/\/demo.breizhtorm.fr\/kolb\/"},{"@type":"ListItem","position":2,"name":"Contact"}]},{"@type":"WebSite","@id":"http:\/\/demo.breizhtorm.fr\/kolb\/#website","url":"http:\/\/demo.breizhtorm.fr\/kolb\/","name":"Kolb D\u00e9coration","description":"","publisher":{"@id":"http:\/\/demo.breizhtorm.fr\/kolb\/#organization"},"potentialAction":[{"@type":"SearchAction","target":{"@type":"EntryPoint","urlTemplate":"http:\/\/demo.breizhtorm.fr\/kolb\/?s={search_term_string}"},"query-input":{"@type":"PropertyValueSpecification","valueRequired":true,"valueName":"search_term_string"}}],"inLanguage":"fr-FR"},{"@type":"Organization","@id":"http:\/\/demo.breizhtorm.fr\/kolb\/#organization","name":"Kolb D\u00e9coration","url":"http:\/\/demo.breizhtorm.fr\/kolb\/","logo":{"@type":"ImageObject","inLanguage":"fr-FR","@id":"http:\/\/demo.breizhtorm.fr\/kolb\/#\/schema\/logo\/image\/","url":"https:\/\/demo.breizhtorm.fr\/kolb\/wp-content\/uploads\/2024\/12\/kolb-acigne.png","contentUrl":"https:\/\/demo.breizhtorm.fr\/kolb\/wp-content\/uploads\/2024\/12\/kolb-acigne.png","width":227,"height":122,"caption":"Kolb D\u00e9coration"},"image":{"@id":"http:\/\/demo.breizhtorm.fr\/kolb\/#\/schema\/logo\/image\/"}}]}},"_links":{"self":[{"href":"https:\/\/demo.breizhtorm.fr\/kolb\/wp-json\/wp\/v2\/pages\/273","targetHints":{"allow":["GET"]}}],"collection":[{"href":"https:\/\/demo.breizhtorm.fr\/kolb\/wp-json\/wp\/v2\/pages"}],"about":[{"href":"https:\/\/demo.breizhtorm.fr\/kolb\/wp-json\/wp\/v2\/types\/page"}],"author":[{"embeddable":true,"href":"https:\/\/demo.breizhtorm.fr\/kolb\/wp-json\/wp\/v2\/users\/1"}],"replies":[{"embeddable":true,"href":"https:\/\/demo.breizhtorm.fr\/kolb\/wp-json\/wp\/v2\/comments?post=273"}],"version-history":[{"count":26,"href":"https:\/\/demo.breizhtorm.fr\/kolb\/wp-json\/wp\/v2\/pages\/273\/revisions"}],"predecessor-version":[{"id":474,"href":"https:\/\/demo.breizhtorm.fr\/kolb\/wp-json\/wp\/v2\/pages\/273\/revisions\/474"}],"wp:attachment":[{"href":"https:\/\/demo.breizhtorm.fr\/kolb\/wp-json\/wp\/v2\/media?parent=273"}],"curies":[{"name":"wp","href":"https:\/\/api.w.org\/{rel}","templated":true}]}}