
{"id":109,"date":"2025-01-10T17:28:03","date_gmt":"2025-01-10T16:28:03","guid":{"rendered":"http:\/\/demo.breizhtorm.fr\/pegase\/?page_id=109"},"modified":"2025-01-17T11:02:04","modified_gmt":"2025-01-17T10:02:04","slug":"detection-de-fuite","status":"publish","type":"page","link":"https:\/\/demo.breizhtorm.fr\/pegase\/detection-de-fuite\/","title":{"rendered":"D\u00e9tection de fuite"},"content":{"rendered":"\n        <section class=\"section heading\">\n            <div class=\"heading__top\">\n                <img decoding=\"async\" class=\"heading__img\" src=\"https:\/\/demo.breizhtorm.fr\/pegase\/wp-content\/themes\/pegase\/assets\/images\/pegase-heading.png\">\n            <\/div>\n            <img decoding=\"async\" class=\"heading__bg\" src=\"https:\/\/demo.breizhtorm.fr\/pegase\/wp-content\/uploads\/2025\/01\/exportation-gaz.jpg\">\n            <div class=\"wrapper wrapper-xl wrapper-center\">\n                <div class=\"row are-vertically-aligned-top flex-column-mobile\">\n                    <div class=\"col\">\n                        <div class=\"heading__content\">\n                            <h1 class=\"heading__title\">Localisation pr\u00e9cise <br \/>de vos fuites d\u2019eau, <br \/>de chauffage et de gaz<\/h1>\n                            <div class=\"heading__text\">\n                                <p>\n                                Les fuites invisibles peuvent causer des dommages consid\u00e9rables \u00e0 votre habitation ou \u00e0 votre entreprise. Notre \u00e9quipe sp\u00e9cialis\u00e9e utilise des technologies de pointe pour identifier rapidement <br \/>\net pr\u00e9cis\u00e9ment les fuites, qu\u2019elles concernent l\u2019eau, le chauffage ou le gaz.                                <\/p>\n                            <\/div>\n                        <\/div>\n                    <\/div>\n                <\/div>\n            <\/div>\n            <hr class=\"heading__separator\" \/>\n        <\/section>\n\n        \n\n\n<section class=\"wp-block-bzh-section section pd-t-40 pd-b-40 pd-t-sm-80 pd-b-sm-60 pd-t-md-100 pd-b-md-80 has-bg\">\n<div class=\"wrapper wrapper-xl wrapper-center\"><div class=\"wp-block-bzh-columns row are-vertically-aligned-top flex-column-mobile\">\n<div class=\"wp-block-bzh-column col\">\n<h2 class=\"wp-block-heading has-color-2-color has-text-color has-link-color wp-elements-7230d7d649f32fb17b1cbab58be49e8c\">Prot\u00e9gez votre habitat avec notre expertise<br>en d\u00e9tection de fuites<\/h2>\n<\/div>\n<\/div><\/div>\n\n\n\n<div class=\"wrapper wrapper-xl wrapper-center\"><div class=\"wp-block-bzh-columns row are-vertically-aligned-top flex-column-mobile\">\n<div class=\"wp-block-bzh-column col\">\n<p>Une fuite, qu\u2019elle soit li\u00e9e \u00e0 l\u2019eau, au chauffage ou au gaz, peut entra\u00eener des dommages importants et co\u00fbteux si elle n\u2019est pas d\u00e9tect\u00e9e \u00e0 temps. Nous vous offrons des solutions fiables, rapides et non destructives pour localiser pr\u00e9cis\u00e9ment ces probl\u00e8mes, o\u00f9 qu\u2019ils se trouvent.<\/p>\n<\/div>\n<\/div><\/div>\n\n\n\n<div class=\"wrapper wrapper-md wrapper-center\"><div class=\"wp-block-bzh-columns row are-vertically-aligned-top flex-column-mobile\">\n<div class=\"wp-block-bzh-column col mg-t-20 mg-b-40 mg-t-sm-40 mg-b-sm-60 mg-t-md-60 mg-b-md-80\">\n<h3 class=\"wp-block-heading has-color-2-color has-text-color has-link-color wp-elements-b9923bcbaf8b0120777d5b887b1afbec\">Pourquoi est-il essentiel de d\u00e9tecter<br>les fuites rapidement ?<\/h3>\n\n\n\n<hr class=\"wp-block-bzh-spacer spacer pd-b-20\"\/>\n\n\n\n        <ul class=\"deco-list list\">\n                            <li class=\"deco-list__item\">\n                    <h3 class=\"deco__list-title\">\u00c9conomies d\u2019argent :<\/h3>\n                                            <div class=\"deco-list__text\">\n                            <p>\n                                \u00c9vitez des factures d\u2019eau ou d\u2019\u00e9nergie \u00e9lev\u00e9es caus\u00e9es par des fuites persistantes.                            <\/p>\n                        <\/div>\n                                    <\/li>\n                            <li class=\"deco-list__item\">\n                    <h3 class=\"deco__list-title\">Pr\u00e9vention des dommages :<\/h3>\n                                            <div class=\"deco-list__text\">\n                            <p>\n                                R\u00e9duisez les risques de d\u00e9g\u00e2ts des eaux, d\u2019humidit\u00e9 ou de corrosion des structures.                            <\/p>\n                        <\/div>\n                                    <\/li>\n                            <li class=\"deco-list__item\">\n                    <h3 class=\"deco__list-title\">S\u00e9curit\u00e9 : <\/h3>\n                                            <div class=\"deco-list__text\">\n                            <p>\n                                Les fuites de gaz peuvent repr\u00e9senter un danger s\u00e9rieux pour votre sant\u00e9 et votre s\u00e9curit\u00e9.                            <\/p>\n                        <\/div>\n                                    <\/li>\n                    <\/ul>\n\n        <\/div>\n<\/div><\/div>\n\n\n\n<div class=\"wrapper wrapper-xl wrapper-center\"><div class=\"wp-block-bzh-columns row are-vertically-aligned-top flex-column-mobile\">\n<div class=\"wp-block-bzh-column col\">\n<div class=\"wp-block-bzh-brick brick pd-t-40 pd-b-40 pd-l-40 pd-r-40 has-color-2-background-color has-background\"><div class=\"brick__content\">\n<div class=\"wrapper wrapper-md wrapper-center\"><div class=\"wp-block-bzh-columns row are-vertically-aligned-top flex-column-mobile\">\n<div class=\"wp-block-bzh-column col\">\n<p class=\"has-text-align-center has-white-color has-text-color has-link-color has-large-font-size wp-elements-715be0af531a28b009d8bff13205e379\">En agissant vite, vous \u00e9vitez des r\u00e9parations co\u00fbteuses<br>et pr\u00e9servez la valeur de votre bien.<\/p>\n<\/div>\n<\/div><\/div>\n<\/div><\/div>\n<\/div>\n<\/div><\/div>\n<\/section>\n\n\n\n<section class=\"wp-block-bzh-section section pd-t-40 pd-b-40 pd-t-sm-60 pd-b-sm-60 pd-t-md-80 pd-b-md-80 has-color-3-background-color has-background\">\n<div class=\"wrapper wrapper-xl wrapper-center\"><div class=\"wp-block-bzh-columns row are-vertically-aligned-top flex-column-mobile\">\n<div class=\"wp-block-bzh-column col\">\n<h2 class=\"wp-block-heading has-white-color has-text-color has-link-color wp-elements-d3d232a696f0ef2552077a9949771706\">Comment savoir si vous avez une fuite<br>dans votre habitation ?<\/h2>\n\n\n\n<p class=\"has-white-color has-text-color has-link-color has-large-font-size wp-elements-137637c02443635bee6b0a1bc7606945\">Certains signes indiquent la pr\u00e9sence d\u2019une fuite,<br>m\u00eame lorsque celle-ci est cach\u00e9e :<\/p>\n\n\n\n        <div class=\"infos\">\n                                <p class=\"infos__item\">Taches d\u2019humidit\u00e9<\/p>\n                                <p class=\"infos__item\">Baisse de pression<\/p>\n                                <p class=\"infos__item\">bruits de goutte-\u00e0-goutte ou de sifflements<\/p>\n                                <p class=\"infos__item\">Factures d\u2019eau anormalement \u00e9lev\u00e9es<\/p>\n                                <p class=\"infos__item\">mauvaises odeurs<\/p>\n                                <p class=\"infos__item\">Chauffage inefficace<\/p>\n                                <p class=\"infos__item\">Odeur de gaz<\/p>\n                                <p class=\"infos__item\">Bulles dans l\u2019eau<\/p>\n                    <\/div>\n\n        \n\n\n<p class=\"has-white-color has-text-color has-link-color wp-elements-edb1a0ccc77936b584746569b3897e08\">Si vous remarquez l\u2019un de ces signes, il est pr\u00e9f\u00e9rable de faire appel \u00e0 un professionnel <br>pour diagnostiquer la source de la fuite.<\/p>\n\n\n\n<div class=\"wp-block-bzh-brick brick pd-t-20 pd-t-sm-40\"><div class=\"brick__content\">\n<div class=\"wp-block-bzh-button btn btn--left\"><a class=\"btn__link has-color-1-background-color has-color-3-hover-background-color has-white-color has-white-hover-color has-color-1-border-color has-white-hover-border-color\" href=\"#contact\">Contactez-nous<\/a><\/div>\n<\/div><\/div>\n<\/div>\n<\/div><\/div>\n<\/section>\n\n\n\n<section class=\"wp-block-bzh-section section pd-t-40 pd-b-40 pd-t-sm-60 pd-b-sm-60 pd-t-md-80 pd-b-md-80\">\n<div class=\"wrapper wrapper-xl wrapper-center\"><div class=\"wp-block-bzh-columns row are-vertically-aligned-top flex-column-mobile\">\n<div class=\"wp-block-bzh-column col\">\n<h2 class=\"wp-block-heading has-color-2-color has-text-color has-link-color wp-elements-0a5937b4fa0629bc11cf8f33fde69b98\">Notre m\u00e9thode de d\u00e9tection de fuite.<\/h2>\n\n\n\n<p class=\"has-large-font-size\">Nous utilisons des technologies de pointe<br>pour d\u00e9tecter les fuites sans endommager vos installations :<\/p>\n<\/div>\n<\/div><\/div>\n\n\n\n<div class=\"wrapper wrapper-xl wrapper-center\"><div class=\"wp-block-bzh-columns row are-vertically-aligned-top flex-column-mobile gap-sm-20 gap-md-40\">\n<div class=\"wp-block-bzh-column col col-sm-6 col-md-6\">\n            <div class=\"gray-block\">\n                <h3 class=\"gray-block__title\">Cam\u00e9ras thermiques<\/h3>\n                <div class=\"gray-block__text\">\n                    <p>\n                        Elles permettent de visualiser les variations de temp\u00e9rature, r\u00e9v\u00e9lant les zones o\u00f9 l\u2019eau s\u2019\u00e9chappe.                    <\/p>\n                <\/div>\n            <\/div>\n\n        <\/div>\n\n\n\n<div class=\"wp-block-bzh-column col col-sm-6 col-md-6\">\n            <div class=\"gray-block\">\n                <h3 class=\"gray-block__title\">D\u00e9tection acoustique<\/h3>\n                <div class=\"gray-block__text\">\n                    <p>\n                        Permet de rep\u00e9rer les sons \u00e9mis par les fuites dans les canalisations, m\u00eame dans les murs ou sous terre.                    <\/p>\n                <\/div>\n            <\/div>\n\n        <\/div>\n\n\n\n<div class=\"wp-block-bzh-column col col-sm-6 col-md-6\">\n            <div class=\"gray-block\">\n                <h3 class=\"gray-block__title\">Endoscopie<\/h3>\n                <div class=\"gray-block__text\">\n                    <p>\n                        Un petit appareil ins\u00e9r\u00e9 dans les tuyaux pour examiner visuellement les zones difficiles d\u2019acc\u00e8s.                    <\/p>\n                <\/div>\n            <\/div>\n\n        <\/div>\n\n\n\n<div class=\"wp-block-bzh-column col col-sm-6 col-md-6\">\n            <div class=\"gray-block\">\n                <h3 class=\"gray-block__title\">Gaz traceur<\/h3>\n                <div class=\"gray-block__text\">\n                    <p>\n                        Inject\u00e9 dans les canalisations, il s\u2019\u00e9chappe par la fuite, permettant de localiser pr\u00e9cis\u00e9ment l\u2019endroit \u00e0 r\u00e9parer.                    <\/p>\n                <\/div>\n            <\/div>\n\n        <\/div>\n\n\n\n<div class=\"wp-block-bzh-column col col-sm-6 col-md-6\">\n            <div class=\"gray-block\">\n                <h3 class=\"gray-block__title\">Colorants<\/h3>\n                <div class=\"gray-block__text\">\n                    <p>\n                        Les colorants comme la fluoresc\u00e9ine ou le luminol permettent de rep\u00e9rer pr\u00e9cis\u00e9ment les fuites d\u2019eau, de chauffage ou de gaz, m\u00eame dans les zones difficiles d\u2019acc\u00e8s.                    <\/p>\n                <\/div>\n            <\/div>\n\n        <\/div>\n\n\n\n<div class=\"wp-block-bzh-column col col-sm-6 col-md-6\">\n            <div class=\"gray-block\">\n                <h3 class=\"gray-block__title\">Test de pression<\/h3>\n                <div class=\"gray-block__text\">\n                    <p>\n                        Nous utilisons cette m\u00e9thode pour v\u00e9rifier l\u2019\u00e9tanch\u00e9it\u00e9 de de votre r\u00e9seau hydraulique et identifier les zones \u00e0 risque.                    <\/p>\n                <\/div>\n            <\/div>\n\n        <\/div>\n<\/div><\/div>\n<\/section>\n\n\n\n<section class=\"wp-block-bzh-section section pd-t-40 pd-b-40 pd-t-sm-60 pd-b-sm-60 pd-t-md-80 pd-b-md-80 has-color-2-background-color has-background\">\n<div class=\"wrapper wrapper-xl wrapper-center\"><div class=\"wp-block-bzh-columns row are-vertically-aligned-center flex-column-mobile\">\n<div class=\"wp-block-bzh-column col col-sm-3\">\n<figure class=\"wp-block-image size-full\"><img loading=\"lazy\" decoding=\"async\" width=\"302\" height=\"139\" src=\"http:\/\/demo.breizhtorm.fr\/pegase\/wp-content\/uploads\/2025\/01\/pegase-titre.png\" alt=\"\" class=\"wp-image-147\" srcset=\"https:\/\/demo.breizhtorm.fr\/pegase\/wp-content\/uploads\/2025\/01\/pegase-titre.png 302w, https:\/\/demo.breizhtorm.fr\/pegase\/wp-content\/uploads\/2025\/01\/pegase-titre-250x115.png 250w, https:\/\/demo.breizhtorm.fr\/pegase\/wp-content\/uploads\/2025\/01\/pegase-titre-120x55.png 120w\" sizes=\"auto, (max-width: 302px) 100vw, 302px\" \/><\/figure>\n<\/div>\n\n\n\n<div class=\"wp-block-bzh-column col col-sm-9\">\n<h2 class=\"wp-block-heading has-text-align-left h1-like has-color-1-color has-text-color has-link-color wp-elements-e7613790e52b89c8de8afbee9b526516\">Pourquoi faire appel<br>\u00e0 nos services ?<\/h2>\n<\/div>\n<\/div><\/div>\n\n\n\n<div class=\"wp-block-bzh-brick brick pd-t-sm-20 pd-t-md-40\"><div class=\"brick__content\">\n<div class=\"wrapper wrapper-xl wrapper-center\"><div class=\"wp-block-bzh-columns row are-vertically-aligned-top flex-column-mobile flex-space-between\">\n<div class=\"wp-block-bzh-column col col-sm-6 col-md-6\">\n            <div class=\"picto\">\n                <figure class=\"picto__figure\">\n                    <img decoding=\"async\" class=\"picto__image\" src=\"http:\/\/demo.breizhtorm.fr\/pegase\/wp-content\/uploads\/2025\/01\/picto-2-1.png\">\n                <\/figure>\n                <h3 class=\"picto__title\">Expertise <br \/>\net professionnalisme<\/h3>\n                <div class=\"picto__text\">\n                    <p>\n                        Nos techniciens sont form\u00e9s pour d\u00e9tecter<br \/>\ntoutes sortes de fuites, des plus simples aux plus complexes.                    <\/p>\n                <\/div>\n            <\/div>\n\n        <\/div>\n\n\n\n<div class=\"wp-block-bzh-column col col-sm-6 col-md-6\">\n            <div class=\"picto\">\n                <figure class=\"picto__figure\">\n                    <img decoding=\"async\" class=\"picto__image\" src=\"http:\/\/demo.breizhtorm.fr\/pegase\/wp-content\/uploads\/2025\/01\/picto-2-2-1.png\">\n                <\/figure>\n                <h3 class=\"picto__title\">Intervention  <br \/>\nrapide<\/h3>\n                <div class=\"picto__text\">\n                    <p>\n                        Nous savons que les fuites n\u00e9cessitent une attention imm\u00e9diate, c\u2019est pourquoi nous intervenons dans les meilleurs d\u00e9lais.                    <\/p>\n                <\/div>\n            <\/div>\n\n        <\/div>\n\n\n\n<div class=\"wp-block-bzh-column col col-sm-6 col-md-6\">\n            <div class=\"picto\">\n                <figure class=\"picto__figure\">\n                    <img decoding=\"async\" class=\"picto__image\" src=\"http:\/\/demo.breizhtorm.fr\/pegase\/wp-content\/uploads\/2025\/01\/picto-2-3.png\">\n                <\/figure>\n                <h3 class=\"picto__title\">Technologies  <br \/>\nmodernes<\/h3>\n                <div class=\"picto__text\">\n                    <p>\n                        Nos \u00e9quipements de d\u00e9tection permettent une localisation pr\u00e9cise de la fuite sans casser inutilement.                    <\/p>\n                <\/div>\n            <\/div>\n\n        <\/div>\n\n\n\n<div class=\"wp-block-bzh-column col col-sm-6 col-md-6\">\n            <div class=\"picto\">\n                <figure class=\"picto__figure\">\n                    <img decoding=\"async\" class=\"picto__image\" src=\"http:\/\/demo.breizhtorm.fr\/pegase\/wp-content\/uploads\/2025\/01\/picto-2-4.png\">\n                <\/figure>\n                <h3 class=\"picto__title\">Service  <br \/>\ntransparent<\/h3>\n                <div class=\"picto__text\">\n                    <p>\n                        Avant chaque intervention, nous vous expliquons le diagnostic et le devis afin d\u2019assurer une totale transparence.                    <\/p>\n                <\/div>\n            <\/div>\n\n        <\/div>\n<\/div><\/div>\n<\/div><\/div>\n<\/section>\n\n\n\n<section class=\"wp-block-bzh-section section pd-t-40 pd-b-40 pd-t-sm-60 pd-b-sm-60 pd-t-md-80 pd-b-md-80 has-color-3-background-color has-background\">\n<div class=\"wrapper wrapper-xl wrapper-center\"><div class=\"wp-block-bzh-columns row are-vertically-aligned-top flex-column-mobile\">\n<div class=\"wp-block-bzh-column col\">\n<h2 class=\"wp-block-heading has-text-align-left has-white-color has-text-color has-link-color wp-elements-52202c042acc829c8b80f23ffe2aef94\">Contactez-nous pour une d\u00e9tection<br>et r\u00e9paration de fuite d\u2019eau<\/h2>\n\n\n\n<p class=\"has-text-align-left has-white-color has-text-color has-link-color has-large-font-size wp-elements-9eb98728a887efa521ba6cb7dd7dface\">Ne laissez pas une fuite d\u2019eau causer des d\u00e9g\u00e2ts dans votre maison.<br>Contactez-nous d\u00e8s aujourd\u2019hui pour une d\u00e9tection<br>rapide et efficace.<\/p>\n\n\n\n<p class=\"has-text-align-left has-white-color has-text-color has-link-color has-large-font-size wp-elements-56bcf96a5cb55971d5cf6facd59ffc66\">Notre \u00e9quipe se tient pr\u00eate \u00e0 r\u00e9pondre \u00e0 toutes vos questions<br>et \u00e0 intervenir dans les plus brefs d\u00e9lais pour prot\u00e9ger votre maison<br>et vous apporter tranquillit\u00e9 d\u2019esprit.<\/p>\n<\/div>\n<\/div><\/div>\n\n\n\n<div class=\"wrapper wrapper-xl wrapper-center\"><div class=\"wp-block-bzh-columns row are-vertically-aligned-top flex-column-mobile\">\n<div class=\"wp-block-bzh-column col mg-t-20 mg-t-sm-40 mg-t-md-60\">\n<h2 class=\"wp-block-heading has-text-align-center alt-text has-white-color has-text-color has-link-color wp-elements-ab7cdd27be29efd04b2a4ac751966558\">Besoin d\u2019aide pour une fuite d\u2019eau ?<br>Demandez un diagnostic d\u00e8s maintenant !<\/h2>\n\n\n\n<div class=\"wp-block-bzh-button btn btn--center\"><a class=\"btn__link has-color-1-background-color has-color-3-hover-background-color has-white-color has-white-hover-color has-color-1-border-color has-white-hover-border-color\" href=\"#contact\">Contactez-nous<\/a><\/div>\n<\/div>\n<\/div><\/div>\n<\/section>\n","protected":false},"excerpt":{"rendered":"","protected":false},"author":1,"featured_media":0,"parent":0,"menu_order":0,"comment_status":"closed","ping_status":"closed","template":"","meta":{"footnotes":""},"class_list":["post-109","page","type-page","status-publish","hentry"],"_links":{"self":[{"href":"https:\/\/demo.breizhtorm.fr\/pegase\/wp-json\/wp\/v2\/pages\/109","targetHints":{"allow":["GET"]}}],"collection":[{"href":"https:\/\/demo.breizhtorm.fr\/pegase\/wp-json\/wp\/v2\/pages"}],"about":[{"href":"https:\/\/demo.breizhtorm.fr\/pegase\/wp-json\/wp\/v2\/types\/page"}],"author":[{"embeddable":true,"href":"https:\/\/demo.breizhtorm.fr\/pegase\/wp-json\/wp\/v2\/users\/1"}],"replies":[{"embeddable":true,"href":"https:\/\/demo.breizhtorm.fr\/pegase\/wp-json\/wp\/v2\/comments?post=109"}],"version-history":[{"count":63,"href":"https:\/\/demo.breizhtorm.fr\/pegase\/wp-json\/wp\/v2\/pages\/109\/revisions"}],"predecessor-version":[{"id":275,"href":"https:\/\/demo.breizhtorm.fr\/pegase\/wp-json\/wp\/v2\/pages\/109\/revisions\/275"}],"wp:attachment":[{"href":"https:\/\/demo.breizhtorm.fr\/pegase\/wp-json\/wp\/v2\/media?parent=109"}],"curies":[{"name":"wp","href":"https:\/\/api.w.org\/{rel}","templated":true}]}}