
{"id":189,"date":"2025-01-13T13:33:45","date_gmt":"2025-01-13T12:33:45","guid":{"rendered":"http:\/\/demo.breizhtorm.fr\/pegase\/?page_id=189"},"modified":"2025-01-17T11:01:28","modified_gmt":"2025-01-17T10:01:28","slug":"detection-de-reseau","status":"publish","type":"page","link":"https:\/\/demo.breizhtorm.fr\/pegase\/detection-de-reseau\/","title":{"rendered":"D\u00e9tection de r\u00e9seau"},"content":{"rendered":"\n        <section class=\"section heading\">\n            <div class=\"heading__top\">\n                <img decoding=\"async\" class=\"heading__img\" src=\"https:\/\/demo.breizhtorm.fr\/pegase\/wp-content\/themes\/pegase\/assets\/images\/pegase-heading.png\">\n            <\/div>\n            <img decoding=\"async\" class=\"heading__bg\" src=\"https:\/\/demo.breizhtorm.fr\/pegase\/wp-content\/uploads\/2025\/01\/pegase-detection-de-reseaux.jpg\">\n            <div class=\"wrapper wrapper-xl wrapper-center\">\n                <div class=\"row are-vertically-aligned-top flex-column-mobile\">\n                    <div class=\"col\">\n                        <div class=\"heading__content\">\n                            <h1 class=\"heading__title\">D\u00e9tection de r\u00e9seaux <br \/>enterr\u00e9s et oubli\u00e9s<\/h1>\n                            <div class=\"heading__text\">\n                                <p>\n                                Localisez Vos Infrastructures Souterraines avec Pr\u00e9cision et Efficacit\u00e9                                <\/p>\n                            <\/div>\n                        <\/div>\n                    <\/div>\n                <\/div>\n            <\/div>\n            <hr class=\"heading__separator\" \/>\n        <\/section>\n\n        \n\n\n<section class=\"wp-block-bzh-section section pd-t-40 pd-b-40 pd-t-sm-80 pd-b-sm-60 pd-t-md-100 pd-b-md-80 has-bg\">\n<div class=\"wrapper wrapper-xl wrapper-center\"><div class=\"wp-block-bzh-columns row are-vertically-aligned-top flex-column-mobile\">\n<div class=\"wp-block-bzh-column col\">\n<h2 class=\"wp-block-heading has-color-2-color has-text-color has-link-color wp-elements-d41d2c947b31a91852a59d0f7e84bcee\">Pourquoi la d\u00e9tection de r\u00e9seaux est cruciale ?<\/h2>\n<\/div>\n<\/div><\/div>\n\n\n\n<div class=\"wrapper wrapper-xl wrapper-center\"><div class=\"wp-block-bzh-columns row are-vertically-aligned-top flex-column-mobile\">\n<div class=\"wp-block-bzh-column col\">\n<p>Avant tout projet de construction, de r\u00e9novation ou d\u2019am\u00e9nagement, il est essentiel de savoir pr\u00e9cis\u00e9ment o\u00f9 se trouvent les infrastructures souterraines. Une d\u00e9tection pr\u00e9cise permet d\u2019\u00e9viter :<\/p>\n<\/div>\n<\/div><\/div>\n\n\n\n<div class=\"wrapper wrapper-md wrapper-center\"><div class=\"wp-block-bzh-columns row are-vertically-aligned-top flex-column-mobile\">\n<div class=\"wp-block-bzh-column col mg-t-20 mg-b-40 mg-t-sm-40 mg-b-sm-60 mg-t-md-60 mg-b-md-80\">\n<hr class=\"wp-block-bzh-spacer spacer pd-b-20\"\/>\n\n\n\n        <ul class=\"deco-list list\">\n                            <li class=\"deco-list__item\">\n                    <h3 class=\"deco__list-title\">Des accidents co\u00fbteux : <\/h3>\n                                            <div class=\"deco-list__text\">\n                            <p>\n                                Dommages aux c\u00e2bles \u00e9lectriques ou aux conduites d\u2019eau.                            <\/p>\n                        <\/div>\n                                    <\/li>\n                            <li class=\"deco-list__item\">\n                    <h3 class=\"deco__list-title\">Des retards : <\/h3>\n                                            <div class=\"deco-list__text\">\n                            <p>\n                                Projets interrompus par des r\u00e9seaux non identifi\u00e9s.                            <\/p>\n                        <\/div>\n                                    <\/li>\n                            <li class=\"deco-list__item\">\n                    <h3 class=\"deco__list-title\">Des risques pour la s\u00e9curit\u00e9 :<\/h3>\n                                            <div class=\"deco-list__text\">\n                            <p>\n                                Endommagement de r\u00e9seaux de gaz ou de c\u00e2bles haute tension.                            <\/p>\n                        <\/div>\n                                    <\/li>\n                    <\/ul>\n\n        <\/div>\n<\/div><\/div>\n\n\n\n<div class=\"wrapper wrapper-xl wrapper-center\"><div class=\"wp-block-bzh-columns row are-vertically-aligned-top flex-column-mobile\">\n<div class=\"wp-block-bzh-column col\">\n<div class=\"wp-block-bzh-brick brick pd-t-40 pd-b-40 pd-l-40 pd-r-40 has-color-2-background-color has-background\"><div class=\"brick__content\">\n<div class=\"wrapper wrapper-md wrapper-center\"><div class=\"wp-block-bzh-columns row are-vertically-aligned-top flex-column-mobile\">\n<div class=\"wp-block-bzh-column col\">\n<p class=\"has-text-align-center has-white-color has-text-color has-link-color has-large-font-size wp-elements-b5d116b5ddddcbd8dff50b673e755e51\">Localisez vos r\u00e9seaux souterrains avec pr\u00e9cision<br>et \u00e9vitez les impr\u00e9vus gr\u00e2ce \u00e0 nos technologies de pointe\u202f!<\/p>\n<\/div>\n<\/div><\/div>\n<\/div><\/div>\n<\/div>\n<\/div><\/div>\n<\/section>\n\n\n\n<section class=\"wp-block-bzh-section section pd-b-40 pd-b-sm-60 pd-b-md-80\">\n<div class=\"wrapper wrapper-lg wrapper-center\"><div class=\"wp-block-bzh-columns row are-vertically-aligned-top flex-column-mobile\">\n<div class=\"wp-block-bzh-column col mg-b-sm-20 mg-b-md-40\">\n<h2 class=\"wp-block-heading has-color-2-color has-text-color has-link-color wp-elements-6e9b14c6f517420879750cd249e25846\">Nos services de d\u00e9tection de r\u00e9seaux<\/h2>\n<\/div>\n<\/div><\/div>\n\n\n\n<div class=\"wrapper wrapper-lg wrapper-center\"><div class=\"wp-block-bzh-columns row are-vertically-aligned-top flex-column-mobile gap-sm-20 gap-md-40\">\n<div class=\"wp-block-bzh-column col col-sm-6 col-md-6\">\n            <div class=\"gray-block\">\n                <h3 class=\"gray-block__title\">Localisation de C\u00e2bles Enterr\u00e9s<\/h3>\n                <div class=\"gray-block__text\">\n                    <p>\n                        Nous identifions les c\u00e2bles \u00e9lectriques, t\u00e9l\u00e9phoniques et de communication enterr\u00e9s, qu\u2019ils soient actifs ou hors tension.                    <\/p>\n                <\/div>\n            <\/div>\n\n        <\/div>\n\n\n\n<div class=\"wp-block-bzh-column col col-sm-6 col-md-6\">\n            <div class=\"gray-block\">\n                <h3 class=\"gray-block__title\">D\u00e9tection de Gaines Techniques<\/h3>\n                <div class=\"gray-block__text\">\n                    <p>\n                        Recherche et localisation des gaines oubli\u00e9es ou non document\u00e9es, souvent n\u00e9cessaires pour les projets de r\u00e9novation.                    <\/p>\n                <\/div>\n            <\/div>\n\n        <\/div>\n\n\n\n<div class=\"wp-block-bzh-column col col-sm-6 col-md-6\">\n            <div class=\"gray-block\">\n                <h3 class=\"gray-block__title\">Cartographie des R\u00e9seaux<\/h3>\n                <div class=\"gray-block__text\">\n                    <p>\n                        \u00c9tablissement de plans pr\u00e9cis et d\u00e9taill\u00e9s des infrastructures souterraines pour une gestion optimale de votre projet.                    <\/p>\n                <\/div>\n            <\/div>\n\n        <\/div>\n\n\n\n<div class=\"wp-block-bzh-column col col-sm-5 col-md-6\">\n            <div class=\"gray-block\">\n                <h3 class=\"gray-block__title\">V\u00e9rification de Tuyaux<\/h3>\n                <div class=\"gray-block__text\">\n                    <p>\n                        Nous tra\u00e7ons les conduites d\u2019eau, d\u2019\u00e9vacuation ou de gaz pour \u00e9viter tout dommage durant les travaux.                    <\/p>\n                <\/div>\n            <\/div>\n\n        <\/div>\n<\/div><\/div>\n<\/section>\n\n\n\n<section class=\"wp-block-bzh-section section pd-t-40 pd-b-40 pd-t-sm-60 pd-b-sm-60 pd-t-md-80 pd-b-md-80 has-color-2-background-color has-background\">\n<div class=\"wrapper wrapper-xl wrapper-center\"><div class=\"wp-block-bzh-columns row are-vertically-aligned-center flex-column-mobile\">\n<div class=\"wp-block-bzh-column col col-sm-3\">\n<figure class=\"wp-block-image size-full\"><img loading=\"lazy\" decoding=\"async\" width=\"302\" height=\"139\" src=\"http:\/\/demo.breizhtorm.fr\/pegase\/wp-content\/uploads\/2025\/01\/pegase-titre.png\" alt=\"\" class=\"wp-image-147\" srcset=\"https:\/\/demo.breizhtorm.fr\/pegase\/wp-content\/uploads\/2025\/01\/pegase-titre.png 302w, https:\/\/demo.breizhtorm.fr\/pegase\/wp-content\/uploads\/2025\/01\/pegase-titre-250x115.png 250w, https:\/\/demo.breizhtorm.fr\/pegase\/wp-content\/uploads\/2025\/01\/pegase-titre-120x55.png 120w\" sizes=\"auto, (max-width: 302px) 100vw, 302px\" \/><\/figure>\n<\/div>\n\n\n\n<div class=\"wp-block-bzh-column col col-sm-9\">\n<h2 class=\"wp-block-heading has-text-align-left h1-like has-color-1-color has-text-color has-link-color wp-elements-e7613790e52b89c8de8afbee9b526516\">Pourquoi faire appel<br>\u00e0 nos services ?<\/h2>\n<\/div>\n<\/div><\/div>\n\n\n\n<div class=\"wp-block-bzh-brick brick pd-t-sm-20 pd-t-md-40\"><div class=\"brick__content\">\n<div class=\"wrapper wrapper-xl wrapper-center\"><div class=\"wp-block-bzh-columns row are-vertically-aligned-top flex-column-mobile flex-space-between\">\n<div class=\"wp-block-bzh-column col col-sm-6 col-md-6\">\n            <div class=\"picto\">\n                <figure class=\"picto__figure\">\n                    <img decoding=\"async\" class=\"picto__image\" src=\"http:\/\/demo.breizhtorm.fr\/pegase\/wp-content\/uploads\/2025\/01\/picto-2-1.png\">\n                <\/figure>\n                <h3 class=\"picto__title\">Expertise <br \/>\net professionnalisme<\/h3>\n                <div class=\"picto__text\">\n                    <p>\n                        Nos techniciens sont form\u00e9s pour d\u00e9tecter<br \/>\ntoutes sortes de fuites, des plus simples aux plus complexes.                    <\/p>\n                <\/div>\n            <\/div>\n\n        <\/div>\n\n\n\n<div class=\"wp-block-bzh-column col col-sm-6 col-md-6\">\n            <div class=\"picto\">\n                <figure class=\"picto__figure\">\n                    <img decoding=\"async\" class=\"picto__image\" src=\"http:\/\/demo.breizhtorm.fr\/pegase\/wp-content\/uploads\/2025\/01\/picto-2-2-1.png\">\n                <\/figure>\n                <h3 class=\"picto__title\">Intervention  <br \/>\nrapide<\/h3>\n                <div class=\"picto__text\">\n                    <p>\n                        Nous savons que les fuites n\u00e9cessitent une attention imm\u00e9diate, c\u2019est pourquoi nous intervenons dans les meilleurs d\u00e9lais.                    <\/p>\n                <\/div>\n            <\/div>\n\n        <\/div>\n\n\n\n<div class=\"wp-block-bzh-column col col-sm-6 col-md-6\">\n            <div class=\"picto\">\n                <figure class=\"picto__figure\">\n                    <img decoding=\"async\" class=\"picto__image\" src=\"http:\/\/demo.breizhtorm.fr\/pegase\/wp-content\/uploads\/2025\/01\/picto-2-3.png\">\n                <\/figure>\n                <h3 class=\"picto__title\">Technologies  <br \/>\nmodernes<\/h3>\n                <div class=\"picto__text\">\n                    <p>\n                        Nos \u00e9quipements de d\u00e9tection permettent une localisation pr\u00e9cise de la fuite sans casser inutilement.                    <\/p>\n                <\/div>\n            <\/div>\n\n        <\/div>\n\n\n\n<div class=\"wp-block-bzh-column col col-sm-6 col-md-6\">\n            <div class=\"picto\">\n                <figure class=\"picto__figure\">\n                    <img decoding=\"async\" class=\"picto__image\" src=\"http:\/\/demo.breizhtorm.fr\/pegase\/wp-content\/uploads\/2025\/01\/picto-2-4.png\">\n                <\/figure>\n                <h3 class=\"picto__title\">Service  <br \/>\ntransparent<\/h3>\n                <div class=\"picto__text\">\n                    <p>\n                        Avant chaque intervention, nous vous expliquons le diagnostic et le devis afin d\u2019assurer une totale transparence.                    <\/p>\n                <\/div>\n            <\/div>\n\n        <\/div>\n<\/div><\/div>\n<\/div><\/div>\n<\/section>\n\n\n\n<section class=\"wp-block-bzh-section section pd-t-40 pd-b-40 pd-t-sm-60 pd-b-sm-60 pd-t-md-80 pd-b-md-80 has-color-3-background-color has-background\">\n<div class=\"wrapper wrapper-xl wrapper-center\"><div class=\"wp-block-bzh-columns row are-vertically-aligned-top flex-column-mobile\">\n<div class=\"wp-block-bzh-column col\">\n<h2 class=\"wp-block-heading has-text-align-left has-white-color has-text-color has-link-color wp-elements-52202c042acc829c8b80f23ffe2aef94\">Contactez-nous pour une d\u00e9tection<br>et r\u00e9paration de fuite d\u2019eau<\/h2>\n\n\n\n<p class=\"has-text-align-left has-white-color has-text-color has-link-color has-large-font-size wp-elements-9eb98728a887efa521ba6cb7dd7dface\">Ne laissez pas une fuite d\u2019eau causer des d\u00e9g\u00e2ts dans votre maison.<br>Contactez-nous d\u00e8s aujourd\u2019hui pour une d\u00e9tection<br>rapide et efficace.<\/p>\n\n\n\n<p class=\"has-text-align-left has-white-color has-text-color has-link-color has-large-font-size wp-elements-56bcf96a5cb55971d5cf6facd59ffc66\">Notre \u00e9quipe se tient pr\u00eate \u00e0 r\u00e9pondre \u00e0 toutes vos questions<br>et \u00e0 intervenir dans les plus brefs d\u00e9lais pour prot\u00e9ger votre maison<br>et vous apporter tranquillit\u00e9 d\u2019esprit.<\/p>\n<\/div>\n<\/div><\/div>\n\n\n\n<div class=\"wrapper wrapper-xl wrapper-center\"><div class=\"wp-block-bzh-columns row are-vertically-aligned-top flex-column-mobile\">\n<div class=\"wp-block-bzh-column col mg-t-20 mg-t-sm-40 mg-t-md-60\">\n<h2 class=\"wp-block-heading has-text-align-center alt-text has-white-color has-text-color has-link-color wp-elements-ab7cdd27be29efd04b2a4ac751966558\">Besoin d\u2019aide pour une fuite d\u2019eau ?<br>Demandez un diagnostic d\u00e8s maintenant !<\/h2>\n\n\n\n<div class=\"wp-block-bzh-button btn btn--center\"><a class=\"btn__link has-color-1-background-color has-color-3-hover-background-color has-white-color has-white-hover-color has-color-1-border-color has-white-hover-border-color\" href=\"#contact\">Contactez-nous<\/a><\/div>\n<\/div>\n<\/div><\/div>\n<\/section>\n","protected":false},"excerpt":{"rendered":"","protected":false},"author":1,"featured_media":0,"parent":0,"menu_order":0,"comment_status":"closed","ping_status":"closed","template":"","meta":{"footnotes":""},"class_list":["post-189","page","type-page","status-publish","hentry"],"_links":{"self":[{"href":"https:\/\/demo.breizhtorm.fr\/pegase\/wp-json\/wp\/v2\/pages\/189","targetHints":{"allow":["GET"]}}],"collection":[{"href":"https:\/\/demo.breizhtorm.fr\/pegase\/wp-json\/wp\/v2\/pages"}],"about":[{"href":"https:\/\/demo.breizhtorm.fr\/pegase\/wp-json\/wp\/v2\/types\/page"}],"author":[{"embeddable":true,"href":"https:\/\/demo.breizhtorm.fr\/pegase\/wp-json\/wp\/v2\/users\/1"}],"replies":[{"embeddable":true,"href":"https:\/\/demo.breizhtorm.fr\/pegase\/wp-json\/wp\/v2\/comments?post=189"}],"version-history":[{"count":10,"href":"https:\/\/demo.breizhtorm.fr\/pegase\/wp-json\/wp\/v2\/pages\/189\/revisions"}],"predecessor-version":[{"id":274,"href":"https:\/\/demo.breizhtorm.fr\/pegase\/wp-json\/wp\/v2\/pages\/189\/revisions\/274"}],"wp:attachment":[{"href":"https:\/\/demo.breizhtorm.fr\/pegase\/wp-json\/wp\/v2\/media?parent=189"}],"curies":[{"name":"wp","href":"https:\/\/api.w.org\/{rel}","templated":true}]}}