
{"id":260,"date":"2025-01-13T17:17:37","date_gmt":"2025-01-13T16:17:37","guid":{"rendered":"http:\/\/demo.breizhtorm.fr\/pegase\/?page_id=260"},"modified":"2025-01-17T10:59:48","modified_gmt":"2025-01-17T09:59:48","slug":"mentions-legales","status":"publish","type":"page","link":"https:\/\/demo.breizhtorm.fr\/pegase\/mentions-legales\/","title":{"rendered":"Mentions L\u00e9gales"},"content":{"rendered":"\n<section class=\"wp-block-bzh-section section pd-t-40 pd-b-40 pd-t-sm-60 pd-b-sm-60 pd-t-md-80 pd-b-md-80\">\n<div class=\"wrapper wrapper-lg wrapper-center\"><div class=\"wp-block-bzh-columns row are-vertically-aligned-top flex-column-mobile\">\n<div class=\"wp-block-bzh-column col\"><h1 style=\"font-style:normal;font-weight:700;text-transform:uppercase;\" class=\"has-text-align-center wp-block-post-title\">Mentions L\u00e9gales<\/h1>\n\n\n<div style=\"height:40px\" aria-hidden=\"true\" class=\"wp-block-spacer\"><\/div>\n\n\n\n<h2 class=\"wp-block-heading\">\u00c9diteur de site<\/h2>\n\n\n\n<p>PEGASE SARL<br>29, Le Plessis Anger<br>35550 LIEURON<br>T\u00e9l : 06 86 64 11 76<br>SIRET : 93498741300010<\/p>\n\n\n\n<div style=\"height:40px\" aria-hidden=\"true\" class=\"wp-block-spacer\"><\/div>\n\n\n\n<h2 class=\"wp-block-heading\">Conception du site<\/h2>\n\n\n\n<p>Breizhtorm<br>44 route de Saint-Malo<br>35520 LA CHAPELLE DES FOUGERETZ<br>T\u00e9l : 02.99.69.18.27<br>Site web : <a href=\"https:\/\/www.breizhtorm.fr\/\" data-type=\"URL\" data-id=\"https:\/\/www.breizhtorm.fr\/\" target=\"_blank\" rel=\"noreferrer noopener\">www.breizhtorm.fr<\/a><\/p>\n\n\n\n<div style=\"height:40px\" aria-hidden=\"true\" class=\"wp-block-spacer\"><\/div>\n\n\n\n<h2 class=\"wp-block-heading\">Cr\u00e9dits photos<\/h2>\n\n\n\n<p>Breizhtorm<br>44 route de Saint-Malo<br>35520 LA CHAPELLE DES FOUGERETZ<br>T\u00e9l : 02.99.69.18.27<br>Site web : <a href=\"https:\/\/www.breizhtorm.fr\/\" data-type=\"URL\" data-id=\"https:\/\/www.breizhtorm.fr\/\" target=\"_blank\" rel=\"noreferrer noopener\">www.breizhtorm.fr<\/a><\/p>\n\n\n\n<div style=\"height:40px\" aria-hidden=\"true\" class=\"wp-block-spacer\"><\/div>\n\n\n\n<h2 class=\"wp-block-heading\">1. Conditions d&rsquo;utilisation<\/h2>\n\n\n\n<p>Le site PEGASE est exploit\u00e9 dans le respect de la l\u00e9gislation fran\u00e7aise. L\u2019utilisation de ce site est r\u00e9gie par les pr\u00e9sentes conditions g\u00e9n\u00e9rales. En utilisant le site, vous reconnaissez avoir pris connaissance de ces conditions et les avoir accept\u00e9es. Celles-ci pourront \u00eatre modifi\u00e9es \u00e0 tout moment et sans pr\u00e9avis par la soci\u00e9t\u00e9 PEGASE SARL.<br>PEGASE SARL ne saurait \u00eatre tenu pour responsable en aucune mani\u00e8re d\u2019une mauvaise utilisation du service.<\/p>\n\n\n\n<div style=\"height:40px\" aria-hidden=\"true\" class=\"wp-block-spacer\"><\/div>\n\n\n\n<h2 class=\"wp-block-heading\">2. Responsable \u00e9ditorial &amp; H\u00e9bergeur<\/h2>\n\n\n\n<p>Directeur de la publication : Breizhtorm<\/p>\n\n\n\n<p>H\u00e9bergeur : OVH SAS<br>2 rue Kellermann<br>59100 Roubaix<br>France<br>T\u00e9l\u00e9phone : 1007<\/p>\n\n\n\n<div style=\"height:40px\" aria-hidden=\"true\" class=\"wp-block-spacer\"><\/div>\n\n\n\n<h2 class=\"wp-block-heading\">3. Limitation de responsabilit\u00e9<\/h2>\n\n\n\n<p>Les informations contenues sur ce site sont aussi pr\u00e9cises que possibles et le site est p\u00e9riodiquement remis \u00e0 jour, mais peut toutefois contenir des inexactitudes, des omissions ou des lacunes. Si vous constatez une lacune, erreur ou ce qui parait \u00eatre un dysfonctionnement, merci de bien vouloir le signaler par email en d\u00e9crivant le probl\u00e8me de la mani\u00e8re la plus pr\u00e9cise possible (page posant probl\u00e8me, action d\u00e9clenchante, type d\u2019ordinateur et de navigateur utilis\u00e9, \u2026).<\/p>\n\n\n\n<p>Tout contenu t\u00e9l\u00e9charg\u00e9 se fait aux risques et p\u00e9rils de l\u2019utilisateur et sous sa seule responsabilit\u00e9. En cons\u00e9quence, PEGASE SARL ne saurait \u00eatre tenu responsable d\u2019un quelconque dommage subi par l\u2019ordinateur de l\u2019utilisateur ou d\u2019une quelconque perte de donn\u00e9es cons\u00e9cutives au t\u00e9l\u00e9chargement.<\/p>\n\n\n\n<p>Les photos sont non contractuelles.<\/p>\n\n\n\n<p>Les liens hypertextes mis en place dans le cadre du pr\u00e9sent site internet en direction d\u2019autres ressources pr\u00e9sentes sur le r\u00e9seau Internet ne sauraient engager la responsabilit\u00e9 de <meta http-equiv=\"content-type\" content=\"text\/html; charset=utf-8\">PEGASE SARL.<\/p>\n\n\n\n<div style=\"height:40px\" aria-hidden=\"true\" class=\"wp-block-spacer\"><\/div>\n\n\n\n<h2 class=\"wp-block-heading\">4. Donn\u00e9es personnelles<\/h2>\n\n\n\n<p>Notre site ne demande pas d\u2019enregistrement nominatif \u00e0 ses visiteurs et ne proc\u00e8de \u00e0 aucun enregistrement nominatif pour la simple consultation de ses pages.<\/p>\n\n\n\n<p>Cependant, dans certains cas (fonctionnalit\u00e9s de partage et aux modules sociaux, formulaires de contact, participation \u00e0 un jeu-concours, paiement en ligne\u2026), vous pouvez \u00eatre invit\u00e9 \u00e0 laisser des donn\u00e9es personnelles (noms, pr\u00e9noms, num\u00e9ros de t\u00e9l\u00e9phones, adresses postales, adresse \u00e9lectronique\u2026). Le caract\u00e8re obligatoire ou facultatif des donn\u00e9es vous est signal\u00e9 lors de la collecte.<\/p>\n\n\n\n<p>Le cas \u00e9ch\u00e9ant, le formulaire de collecte est accompagn\u00e9 d\u2019une case \u00e0 cocher vous permettant d\u2019accepter ou de refuser que vos donn\u00e9es soient utilis\u00e9es \u00e0 des fins commerciales pour le compte de tiers, et\/ou c\u00e9d\u00e9es \u00e0 des tiers.<\/p>\n\n\n\n<p>Nous ne collectons aucune donn\u00e9e sensible, \u00e0 savoir aucune donn\u00e9e relative \u00e0 vos origines raciales ou ethniques, \u00e0 vos opinions politiques, philosophiques ou religieuses ou votre appartenance syndicale, ou qui sont relatives \u00e0 votre sant\u00e9 ou votre vie sexuelle.<\/p>\n\n\n\n<p>Par ailleurs, lors de la consultation de notre site web, nous sommes amen\u00e9s \u00e0 collecter et traiter des donn\u00e9es relatives \u00e0 votre navigation (notamment les cookies, votre adresse IP, les pages que vous avez consult\u00e9es et les recherches que vous avez effectu\u00e9es), et \u00e0 votre terminal (type de navigateur utilis\u00e9, mod\u00e8le et version de votre syst\u00e8me d\u2019exploitation, r\u00e9solution de votre \u00e9cran, pr\u00e9sence de certains plug-ins, \u2026). Nous r\u00e9aliserons \u00e9galement une g\u00e9olocalisation approximative de votre ville d\u2019origine. Ces donn\u00e9es seront utilis\u00e9es d\u2019une part pour r\u00e9aliser des statistiques d\u2019utilisation de notre site afin de le rendre plus pertinent, pour identifier les soci\u00e9t\u00e9s s\u2019int\u00e9ressant \u00e0 nos produits., et pour vous proposer des offres publicitaires sur et en dehors de notre site en rapport avec vos centres d\u2019int\u00e9r\u00eat et, \u00e9ventuellement, de votre localit\u00e9.<\/p>\n\n\n\n<p>En application de la loi, les internautes disposent d\u2019un droit d\u2019acc\u00e8s, de rectification, de modification et de suppression concernant les donn\u00e9es qui les concernent personnellement. Consultez notre politique de confidentialit\u00e9 pour conna\u00eetre la d\u00e9marche \u00e0 suivre.<\/p>\n\n\n\n<div style=\"height:40px\" aria-hidden=\"true\" class=\"wp-block-spacer\"><\/div>\n\n\n\n<h2 class=\"wp-block-heading\">5. Informations et exclusion<\/h2>\n\n\n\n<div style=\"height:40px\" aria-hidden=\"true\" class=\"wp-block-spacer\"><\/div>\n\n\n\n<h2 class=\"wp-block-heading\">6. Cookies<\/h2>\n\n\n\n<div style=\"height:20px\" aria-hidden=\"true\" class=\"wp-block-spacer\"><\/div>\n\n\n\n<h3 class=\"wp-block-heading\">6.1 Informations sur les cookies<\/h3>\n\n\n\n<p>Pour des besoins de statistiques et d\u2019affichage, le pr\u00e9sent site utilise des cookies. Il s\u2019agit de petits fichiers textes stock\u00e9s sur votre disque dur afin d\u2019enregistrer des donn\u00e9es techniques sur votre navigation. Certaines parties de ce site ne peuvent \u00eatre fonctionnelle sans l\u2019acceptation de cookies.<\/p>\n\n\n\n<div style=\"height:20px\" aria-hidden=\"true\" class=\"wp-block-spacer\"><\/div>\n\n\n\n<h3 class=\"wp-block-heading\">6.2 Finalit\u00e9 des cookies utilis\u00e9s<\/h3>\n\n\n\n<p>Nous utilisons des cookies de la part des services suivants : Google Analytics, Facebook Like Box. Les donn\u00e9es et statistiques que nous collectons au moyen de ces cookies sont utilis\u00e9es dans le seul et unique but d\u2019am\u00e9liorer la qualit\u00e9 de nos services et de fa\u00e7on anonyme afin d\u2019am\u00e9liorer l\u2019exp\u00e9rience utilisateur sur notre site web et vous offrir une navigation intuitive.<\/p>\n\n\n\n<p>Ces donn\u00e9es ne sont pas communiqu\u00e9es \u00e0 quelque tiers que ce soit.<\/p>\n\n\n\n<div style=\"height:20px\" aria-hidden=\"true\" class=\"wp-block-spacer\"><\/div>\n\n\n\n<h3 class=\"wp-block-heading\">6.3. Vos choix concernant les cookies<\/h3>\n\n\n\n<p>Vous pouvez faire le choix \u00e0 tout moment d\u2019exprimer et de modifier vos souhaits en mati\u00e8re de cookies, par les moyens d\u00e9crits ci-dessous.<\/p>\n\n\n\n<p>Vous pouvez configurer votre logiciel de navigation de mani\u00e8re \u00e0 ce que des cookies soient enregistr\u00e9s dans votre terminal ou, au contraire, qu\u2019ils soient rejet\u00e9s, soit syst\u00e9matiquement, soit selon leur \u00e9metteur. Vous pouvez \u00e9galement configurer votre logiciel de navigation de mani\u00e8re \u00e0 ce que l\u2019acceptation ou le refus des cookies vous soient propos\u00e9s ponctuellement, avant qu\u2019un cookie soit susceptible d\u2019\u00eatre enregistr\u00e9 dans votre terminal. Pour plus d\u2019informations, consultez la rubrique \u201cComment exercer vos choix, selon le navigateur que vous utilisez ?\u201d<\/p>\n\n\n\n<div style=\"height:20px\" aria-hidden=\"true\" class=\"wp-block-spacer\"><\/div>\n\n\n\n<h3 class=\"wp-block-heading\">6.3.1. Acceptation des cookies<\/h3>\n\n\n\n<p>L\u2019enregistrement d\u2019un cookie dans un terminal est subordonn\u00e9 \u00e0 la volont\u00e9 de son utilisateur, exprim\u00e9e et modifi\u00e9e \u00e0 tout moment gratuitement \u00e0 travers les choix propos\u00e9s par son logiciel de navigation. Si vous avez accept\u00e9 dans votre logiciel de navigation l\u2019enregistrement de cookies dans votre terminal, les cookies int\u00e9gr\u00e9s dans les pages et contenus que vous avez consult\u00e9s pourront \u00eatre stock\u00e9s temporairement dans un espace d\u00e9di\u00e9 de votre terminal. Ils y seront lisibles uniquement par leur \u00e9metteur.<\/p>\n\n\n\n<div style=\"height:20px\" aria-hidden=\"true\" class=\"wp-block-spacer\"><\/div>\n\n\n\n<h3 class=\"wp-block-heading\">6.3.2. Refus des cookies<\/h3>\n\n\n\n<p>Si vous refusez l\u2019enregistrement de cookies dans votre terminal, ou si vous supprimez ceux qui y sont enregistr\u00e9s, vous pourrez \u00e9ventuellement ne plus b\u00e9n\u00e9ficier d\u2019un certain nombre de fonctionnalit\u00e9s. Tel serait \u00e9galement le cas lorsque nous -ou nos prestataires- ne pourrions pas reconna\u00eetre, \u00e0 des fins de compatibilit\u00e9 technique, le type de navigateur utilis\u00e9 par votre terminal, ses param\u00e8tres de langue et d\u2019affichage ou le pays depuis lequel votre terminal semble connect\u00e9 \u00e0 Internet. Le cas \u00e9ch\u00e9ant, nous d\u00e9clinons toute responsabilit\u00e9 pour les cons\u00e9quences li\u00e9es au fonctionnement d\u00e9grad\u00e9 de nos services r\u00e9sultant de l\u2019impossibilit\u00e9 d\u2019enregistrer ou de consulter les cookies n\u00e9cessaires \u00e0 leur fonctionnement et que vous auriez refus\u00e9s ou supprim\u00e9s.<\/p>\n\n\n\n<div style=\"height:20px\" aria-hidden=\"true\" class=\"wp-block-spacer\"><\/div>\n\n\n\n<h3 class=\"wp-block-heading\">6.3.3. Comment exercer vos choix selon le navigateur que vous utilisez ?<\/h3>\n\n\n\n<p>Pour la gestion des cookies et de vos choix, la configuration de chaque navigateur est diff\u00e9rente. Elle est d\u00e9crite dans le menu d\u2019aide de votre navigateur, qui vous permettra de savoir de quelle mani\u00e8re modifier vos souhaits en mati\u00e8re de cookies.<\/p>\n\n\n\n<p>Nous vous invitons \u00e0 cliquer sur le nom de votre navigateur pour acc\u00e9der au menu d\u2019aide correspondant :<\/p>\n\n\n\n<ul class=\"wp-block-list\">\n<li><a href=\"https:\/\/support.microsoft.com\/fr-fr\/windows\/aide-d-internet-explorer-23360e49-9cd3-4dda-ba52-705336cc0de2\" data-type=\"URL\" data-id=\"https:\/\/support.microsoft.com\/fr-fr\/windows\/aide-d-internet-explorer-23360e49-9cd3-4dda-ba52-705336cc0de2\" target=\"_blank\" rel=\"noreferrer noopener\">Pour Internet Explorer\u2122<\/a><\/li>\n\n\n\n<li><a href=\"https:\/\/support.apple.com\/fr-fr\/safari\" data-type=\"URL\" data-id=\"https:\/\/support.apple.com\/fr-fr\/safari\">Pour Safari\u2122<\/a><\/li>\n\n\n\n<li><a href=\"https:\/\/support.google.com\/chrome\/?hl=fr#topic=9796470\" data-type=\"URL\" data-id=\"https:\/\/support.google.com\/chrome\/?hl=fr#topic=9796470\">Pour Chro<\/a><a href=\"https:\/\/support.google.com\/chrome\/?hl=fr#topic=9796470\" data-type=\"URL\" data-id=\"https:\/\/support.google.com\/chrome\/?hl=fr#topic=9796470\" target=\"_blank\" rel=\"noreferrer noopener\">me\u2122<\/a><\/li>\n\n\n\n<li><a href=\"https:\/\/support.mozilla.org\/fr\/products\/firefox\" data-type=\"URL\" data-id=\"https:\/\/support.mozilla.org\/fr\/products\/firefox\">Pour Firefox<\/a><a href=\"https:\/\/support.mozilla.org\/fr\/products\/firefox\" data-type=\"URL\" data-id=\"https:\/\/support.mozilla.org\/fr\/products\/firefox\" target=\"_blank\" rel=\"noreferrer noopener\">\u2122<\/a><\/li>\n\n\n\n<li><a href=\"https:\/\/www.opera.com\/fr\/help\" data-type=\"URL\" data-id=\"https:\/\/www.opera.com\/fr\/help\" target=\"_blank\" rel=\"noreferrer noopener\">Pour Opera\u2122<\/a><\/li>\n<\/ul>\n\n\n\n<p>Vous pouvez \u00e9galement param\u00e9trer votre navigateur afin que celui-ci envoie un code indiquant aux sites Web que vous ne souhaitez pas \u00eatre suivis. (option \u00ab Do No Track \u00bb).<\/p>\n\n\n\n<p>Nous vous invitons \u00e0 cliquer sur le nom de votre navigateur pour acc\u00e9der au menu d\u2019aide correspondant :<\/p>\n\n\n\n<ul class=\"wp-block-list\">\n<li><a rel=\"noreferrer noopener\" href=\"https:\/\/support.microsoft.com\/fr-fr\/windows\/aide-d-internet-explorer-23360e49-9cd3-4dda-ba52-705336cc0de2\" data-type=\"URL\" data-id=\"https:\/\/support.microsoft.com\/fr-fr\/windows\/aide-d-internet-explorer-23360e49-9cd3-4dda-ba52-705336cc0de2\" target=\"_blank\">Internet Explorer\u2122<\/a><\/li>\n\n\n\n<li><a href=\"https:\/\/support.apple.com\/fr-fr\/safari\" data-type=\"URL\" data-id=\"https:\/\/support.apple.com\/fr-fr\/safari\">Safari\u2122<\/a><\/li>\n\n\n\n<li><a href=\"https:\/\/support.google.com\/chrome\/?hl=fr#topic=9796470\" data-type=\"URL\" data-id=\"https:\/\/support.google.com\/chrome\/?hl=fr#topic=9796470\">Chro<\/a><a rel=\"noreferrer noopener\" href=\"https:\/\/support.google.com\/chrome\/?hl=fr#topic=9796470\" data-type=\"URL\" data-id=\"https:\/\/support.google.com\/chrome\/?hl=fr#topic=9796470\" target=\"_blank\">me\u2122<\/a><\/li>\n\n\n\n<li><a href=\"https:\/\/support.mozilla.org\/fr\/products\/firefox\" data-type=\"URL\" data-id=\"https:\/\/support.mozilla.org\/fr\/products\/firefox\">Firefox<\/a><a rel=\"noreferrer noopener\" href=\"https:\/\/support.mozilla.org\/fr\/products\/firefox\" data-type=\"URL\" data-id=\"https:\/\/support.mozilla.org\/fr\/products\/firefox\" target=\"_blank\">\u2122<\/a><\/li>\n\n\n\n<li><a rel=\"noreferrer noopener\" href=\"https:\/\/www.opera.com\/fr\/help\" data-type=\"URL\" data-id=\"https:\/\/www.opera.com\/fr\/help\" target=\"_blank\">Opera\u2122<\/a><\/li>\n<\/ul>\n\n\n\n<div style=\"height:40px\" aria-hidden=\"true\" class=\"wp-block-spacer\"><\/div>\n\n\n\n<h2 class=\"wp-block-heading\">7. Informations et exclusion<\/h2>\n\n\n\n<p>L\u2019ensemble du contenu pr\u00e9sent sur le site est prot\u00e9g\u00e9 par les droits de propri\u00e9t\u00e9 intellectuelle et notamment par le droit d\u2019auteur dans le monde entier et pour la dur\u00e9e des droits telle qu\u2019elle r\u00e9sulte des dispositions l\u00e9gales existantes et\/ou des prolongations \u00e0 intervenir. Toute reproduction, repr\u00e9sentation, adaptation, modification et\/ou utilisation hors de la sph\u00e8re priv\u00e9e est strictement interdit.<\/p>\n\n\n\n<div style=\"height:40px\" aria-hidden=\"true\" class=\"wp-block-spacer\"><\/div>\n\n\n\n<h2 class=\"wp-block-heading\">8. Contactez-nous<\/h2>\n\n\n\n<p>PEGASE SARL est \u00e0 votre disposition pour tous vos commentaires ou suggestions. Vous pouvez nous \u00e9crire en fran\u00e7ais par courrier \u00e9lectronique \u00e0 : EMAIL<\/p>\n<\/div>\n<\/div><\/div>\n<\/section>\n","protected":false},"excerpt":{"rendered":"","protected":false},"author":1,"featured_media":0,"parent":0,"menu_order":0,"comment_status":"closed","ping_status":"closed","template":"","meta":{"footnotes":""},"class_list":["post-260","page","type-page","status-publish","hentry"],"_links":{"self":[{"href":"https:\/\/demo.breizhtorm.fr\/pegase\/wp-json\/wp\/v2\/pages\/260","targetHints":{"allow":["GET"]}}],"collection":[{"href":"https:\/\/demo.breizhtorm.fr\/pegase\/wp-json\/wp\/v2\/pages"}],"about":[{"href":"https:\/\/demo.breizhtorm.fr\/pegase\/wp-json\/wp\/v2\/types\/page"}],"author":[{"embeddable":true,"href":"https:\/\/demo.breizhtorm.fr\/pegase\/wp-json\/wp\/v2\/users\/1"}],"replies":[{"embeddable":true,"href":"https:\/\/demo.breizhtorm.fr\/pegase\/wp-json\/wp\/v2\/comments?post=260"}],"version-history":[{"count":7,"href":"https:\/\/demo.breizhtorm.fr\/pegase\/wp-json\/wp\/v2\/pages\/260\/revisions"}],"predecessor-version":[{"id":266,"href":"https:\/\/demo.breizhtorm.fr\/pegase\/wp-json\/wp\/v2\/pages\/260\/revisions\/266"}],"wp:attachment":[{"href":"https:\/\/demo.breizhtorm.fr\/pegase\/wp-json\/wp\/v2\/media?parent=260"}],"curies":[{"name":"wp","href":"https:\/\/api.w.org\/{rel}","templated":true}]}}